 digit of k?
2
Let l be 3/2*70/21. Suppose -4*b = 3*f - 5*b - 49, -65 = -l*f + 5*b. Suppose c - g = 28, c - 12 = 3*g + f. What is the tens digit of c?
2
Let h be 668/16*(7 + -11). Let j = 125 - h. What is the units digit of j?
2
Suppose -9*u - 3*t + 5135 = -8*u, 2*u - 10300 = -t. What is the tens digit of u?
5
Let h(x) = 2*x + 27. Let f be h(-6). Let a be 88/f + 4/30. Let o(v) = 2*v**2 - v - 48. What is the units digit of o(a)?
8
What is the hundreds digit of 71*19 + 17 + -8?
3
Suppose -4*z = -z - 6. Suppose -z*c + 88 = -42. Let w = c + -23. What is the units digit of w?
2
Suppose 280*z - 1943595 = 2848325. What is the ten thousands digit of z?
1
Suppose 0 = -22*o + 31*o - 10188. Let a = o + -453. What is the units digit of a?
9
Suppose 0 = -3*h - 2 + 8. Suppose -1 - 2 = 3*d, -h*r - d = -865. What is the tens digit of r?
3
Suppose 12*q - 17*q = -25. Let h be q + -5*(-2)/5. Suppose 3*g - h*g = -204. What is the units digit of g?
1
Suppose -2*y - 4*j + 0*j = 4, 0 = -3*y - 5*j - 8. Let z(d) = -121*d - 1. What is the tens digit of z(y)?
2
Let y(v) = -v**2 + 4*v + 26. Let o be y(7). Suppose -2*m + o*b = 26, -5*b = -4*m - 46 + 14. What is the tens digit of 186 - (-5 + 17)/m?
9
Suppose -6*h + 9*h = 0. Let j(n) = 2*n**2 - n + 355. Let q be j(h). Let b = q - 199. What is the hundreds digit of b?
1
Suppose -7477 = -5*c + 3*d, 5987 = 2*c + 2*c + 3*d. Suppose t - c = -4*j - 3*t, 0 = -t - 4. What is the tens digit of j?
7
Let s be (12/(-8))/((13/330)/13). Let n = s + 870. What is the hundreds digit of n?
3
Let h(k) = 1035*k**2 - 78*k - 213. What is the hundreds digit of h(-6)?
5
Let g(n) = 4428*n - 892. What is the thousands digit of g(2)?
7
Let a = -538 + -482. Let m be 42/4*a/(-119). Let u = m + 17. What is the tens digit of u?
0
Let n = -8881 - -6214. Let t = 1673 + n. What is the tens digit of 6/(-15) + t/(-10)?
9
What is the units digit of ((-5 - (-147)/14) + -4)/((-2)/(-19772))?
9
Suppose -5*i - 26136 = -v + 209842, 708004 = 3*v - i. What is the units digit of (-9)/30 + v/310?
1
Let n be 41 - 49 - (-2520 + -1). Suppose 3*g - j = -105 + n, -j = -4*g + 3211. What is the units digit of g?
3
Let x = 5895 - 4655. What is the hundreds digit of x?
2
Suppose 0 = -5*c + 7*a - 6*a + 6330, c - 1255 = -2*a. Let k = -315 + c. What is the hundreds digit of k?
9
Suppose 4*o = -0*o. Let g be o/(-2) + 17 + -12. Suppose -133 = -g*t - 4*z + 13, -4*z - 124 = -4*t. What is the units digit of t?
0
Let h be 5 - 0 - (121 - 44). What is the hundreds digit of (-5927)/(-9) + ((-32)/h - 0)?
6
Let z be (-3 - 1 - 32)*3/2. Let u = z - -300. What is the tens digit of u?
4
Let z = -6821 + 13267. What is the thousands digit of z?
6
Suppose 3*v + 12*y - 9*y = 612, -5*v = -2*y - 1034. Let z = v - -1172. What is the hundreds digit of z?
3
Suppose -6*p - 10*p = -40416. What is the tens digit of p/21 + 4/(-14)?
2
Suppose -9*g + 161818 = 16*g - 136882. What is the thousands digit of g?
1
Let a(i) = 13*i**3 - 3*i**2 + 55*i - 46. What is the tens digit of a(7)?
5
Let r = 44 + -39. Suppose 3*v + 4*y - 40 = -2*v, -5*v - r*y + 45 = 0. Suppose w - 166 = v*l + l, -2*l - 10 = 0. What is the tens digit of w?
4
Suppose 704*p + 27284 = 3*s + 709*p, -4*s + 36376 = 4*p. What is the units digit of s?
3
Suppose -11*v + 7 = -10*v. Let a be 51/21 - 3/v. Suppose -5*g - 4*o = -300, a*o = 2*g - 3*o - 87. What is the tens digit of g?
5
Suppose 7*f - 9435 - 7309 = 0. Suppose 5*d - f - 1008 = -5*j, 4*j = 3*d - 2054. What is the tens digit of d?
8
Suppose 0 = 9*y + 30 - 120. Suppose y = -14*o + 9*o, 5*c + 4*o - 2977 = 0. What is the hundreds digit of c?
5
Suppose 144*o = 139*o + 9605. Suppose -2071 - o = -5*v + 2*f, 0 = 5*v + 3*f - 4012. What is the tens digit of v?
0
Let t(o) = o**3 - 2*o**2 - o - 18. Let z be t(5). Let b = 463 + z. What is the units digit of b?
5
Suppose -179*t = -247*t + 176052. What is the units digit of t?
9
Let s be (4 - 7)/(2/(-234)). What is the hundreds digit of s - (84/56 + (-7)/(-2))?
3
Suppose 5*p = -2*i - 1025, -4*p - p + i - 1040 = 0. Let y = 342 - p. What is the hundreds digit of -1 + (y/(-12))/(3/(-8))?
1
Suppose -143*a = -68*a - 72*a - 23577. What is the thousands digit of a?
7
Let k = 41 - 21. Let h be 45/k - (-2)/(-8). Suppose v = -y + 9, -3*y = -3*v - y + h. What is the units digit of v?
4
What is the units digit of 2 + 118892/24 - 46/(-276)?
6
Let y(h) = 158*h**2 - 75*h + 514. What is the units digit of y(7)?
1
Let q = -79 - -84. Suppose -5*f - 2395 = -5*p, q*p - f + 4*f - 2395 = 0. What is the tens digit of p?
7
Suppose -1770 = 7*m - 5592. Suppose 0 = -m*b + 554*b - 9944. What is the tens digit of b?
4
Suppose 0 = -3*m + 3 - 18, -4*o = 2*m - 74. Suppose -9*u + 24 + o = 0. Suppose 3*p - 593 = -0*p + u*f, 195 = p - f. What is the hundreds digit of p?
1
Suppose -d + 15*f = 10*f - 15825, -3*f = -4*d + 63385. What is the tens digit of d?
5
Let o be (-20)/(-6)*((-48)/(-80) - -3). Suppose 3*g = 2*z + 109, -4*g + z + 22 = -130. Let v = o + g. What is the tens digit of v?
5
Let r(v) be the first derivative of v**2/2 - 13*v - 23. Let l be r(-15). Let x = 42 - l. What is the tens digit of x?
7
Suppose 335*l = 342*l. Suppose -1609 = -2*s - 3*z - 249, 2*z - 4 = l. What is the hundreds digit of s?
6
Suppose -457*g = -157*g - 15526800. What is the ten thousands digit of g?
5
Let t = 37714 - 5235. What is the tens digit of t?
7
Let f = -26484 - -64970. What is the tens digit of f?
8
Suppose 4 = -5*r + 14. Suppose -q + 30 = 3*q + 2*u, -2*q = -r*u. Suppose 4*s = g + 2*g + 388, -q*s - 4*g + 485 = 0. What is the tens digit of s?
9
Suppose -17*a + 36 = -11*a. Let h be 36/(-5) + ((-6)/(-5))/a. What is the tens digit of 23*(2/4)/(h/(-14))?
2
Let a be (176/5 + -7)/((-2)/10). Let u = 518 + a. What is the units digit of u?
7
Let t be (12/(-55) - 20/110)*-5. Suppose t*d - 5*y + 15 = 0, -3*y - 10 = -5*y. Suppose 2*v - d*q = 134, 2*v + 2*q - 77 = 57. What is the units digit of v?
7
Suppose 18*i - 12714 = 15*i. What is the hundreds digit of i?
2
Let x = 2 - -30. Let p = 101 - x. What is the units digit of (4 + -5)/(((-9)/p)/3)?
3
Suppose -4*y - 20452 = -4*k, 0 = y - 40 + 34. What is the hundreds digit of k?
1
Suppose -3*i + 4*i = -6*i. Suppose i = 2*v - 0*v + 2*z - 700, z = -4*v + 1406. What is the units digit of v?
2
Let z(c) = 11452*c - 345. What is the units digit of z(2)?
9
Let v(k) = k**2 - k - 20. Let x be v(6). Suppose -31 - 319 = -x*m. What is the tens digit of m?
3
Let g(q) = -45*q. Let t be g(1). Let y be 8/(-6)*(261/6)/29. What is the hundreds digit of t/y*24/5 + 0?
1
Let m = -14038 + 24473. What is the tens digit of m?
3
Let d = -29 + 32. Suppose 3365 - 1102 = 4*h - x, 5*h + d*x - 2833 = 0. What is the hundreds digit of h?
5
Suppose 3*a - 27538 = -5*m, -a - 27532 = -5*m + 2*a. What is the units digit of m?
7
Let w be 6/(-9)*(-3 - -855). Let n = w + 904. What is the units digit of n?
6
Let h(t) = 1160*t**2 + 2*t + 2. Let k be h(-1). What is the units digit of 3 + (-32)/12 - k/(-12)?
7
Suppose -4*p - 5*g + 142959 = 0, 11*p = 21*g - 24*g + 393105. What is the thousands digit of p?
5
Let j(o) = o + 23. Let f be j(-7). Suppose -3*y + 34 = 2*w - f, -2*y - w = -35. What is the units digit of 7 - y/((-5)/(-1))?
3
Suppose -12 = 4*c + 5*d, -2*c - 7 = 2*d - 1. Let k = c - -27. Let q = 31 + k. What is the units digit of q?
5
Suppose -u + 1 = 2*z, u + 3 = -4*z + 10. Suppose -2*g + 430 + 128 = 0. Suppose -z*k + g = 3*t, -3*k + 3*t = -t - 307. What is the tens digit of k?
9
Suppose 28435*k + 222938 = 28452*k. What is the tens digit of k?
1
Suppose 77*s = 4*s - 273*s + 879878. What is the hundreds digit of s?
5
Let m = -488 + 1088. Suppose -20 = 9*r - 5*r, -5*r + m = h. What is the tens digit of h?
2
Let k = -34 - -72. Let m = k + -33. Suppose 2*n + a = 204, 2*n = -3*n + m*a + 510. What is the units digit of n?
2
Let p = -2195 + 3392. Let f = -630 + p. What is the tens digit of f?
6
Suppose -t + 1 = 0, 2*f = 2*t - t - 1027. Let b = f - -972. What is the hundreds digit of b?
4
Let l(i) = 37*i**2 - 82*i - 572. What is the hundreds digit of l(-7)?
8
Let q(f) = -3*f**3 - f**2 - 2. Let a be q(-2). What is the units digit of 6/27 + (2 - (-2660)/a)?
0
Suppose 44*p = -6*p + 2756050. What is the tens digit of p?
2
Let u = -253 - -128. Suppose 0 = -l + 3*q - 20 + 196, 3*l = 4*q + 543. Let m = l + u. What is the u